45
Calculate the highest common divisor of 8019 and 143.
11
What is the highest common factor of 25 and 7713625?
25
What is the highest common factor of 1538200 and 16?
8
Calculate the greatest common factor of 10370 and 700.
10
What is the greatest common factor of 11 and 162217?
11
Calculate the greatest common divisor of 14028 and 252.
84
Calculate the greatest common factor of 51788 and 2662.
242
Calculate the highest common factor of 1194080 and 16.
16
What is the greatest common divisor of 205390 and 1880?
470
What is the highest common divisor of 24 and 693672?
24
What is the greatest common divisor of 6820835 and 35?
35
What is the greatest common factor of 627 and 5453?
19
Calculate the greatest common factor of 2311890 and 13130.
1010
What is the highest common divisor of 2716 and 864367?
679
What is the highest common factor of 259 and 888?
37
Calculate the greatest common divisor of 304 and 160740.
76
Calculate the highest common divisor of 1467 and 81.
9
What is the highest common divisor of 387 and 2675589?
129
Calculate the greatest common divisor of 30 and 20499.
3
Calculate the highest common factor of 4 and 176404.
4
What is the highest common factor of 20 and 38210?
10
What is the highest common factor of 105 and 1512?
21
Calculate the highest common factor of 6792 and 768.
24
Calculate the greatest common divisor of 1354 and 82.
2
Calculate the greatest common divisor of 7638 and 117786.
402
Calculate the greatest common divisor of 4342888 and 1496.
1496
Calculate the highest common divisor of 8188 and 112496.
356
Calculate the greatest common factor of 324 and 3483.
81
Calculate the greatest common factor of 11068 and 12.
4
What is the greatest common divisor of 35 and 79535?
5
What is the highest common divisor of 22488 and 3888?
24
Calculate the highest common divisor of 4791644 and 572.
572
What is the greatest common divisor of 46056 and 342?
114
Calculate the highest common divisor of 2781 and 39037.
103
What is the highest common divisor of 93180 and 1740?
60
What is the highest common divisor of 1818576 and 108?
36
What is the greatest common factor of 165616 and 112?
16
What is the greatest common divisor of 62 and 8990?
62
Calculate the greatest common divisor of 142 and 4092511.
71
What is the greatest common divisor of 265302 and 7344?
918
What is the greatest common factor of 137 and 288?
1
Calculate the highest common factor of 604 and 406492.
604
Calculate the highest common divisor of 685 and 11465.
5
Calculate the highest common factor of 76 and 5111.
19
What is the greatest common factor of 368 and 2729456?
368
What is the highest common divisor of 16797 and 11979?
33
Calculate the greatest common divisor of 34 and 10778.
34
Calculate the highest common divisor of 124 and 11253.
31
Calculate the highest common factor of 56250 and 148750.
1250
Calculate the greatest common divisor of 5691 and 5733.
21
What is the greatest common factor of 119 and 81311?
17
What is the greatest common factor of 264 and 144132?
12
What is the greatest common factor of 53938 and 1086?
362
What is the highest common factor of 5 and 86671?
1
Calculate the highest common divisor of 39008 and 208.
16
Calculate the highest common divisor of 396202 and 14620.
1462
What is the greatest common factor of 4947 and 568032?
291
Calculate the greatest common divisor of 23408 and 70642.
418
Calculate the highest common divisor of 22440 and 720.
120
What is the highest common divisor of 652 and 3040?
4
Calculate the greatest common divisor of 3003 and 1155.
231
Calculate the highest common factor of 12138 and 7854.
714
What is the highest common factor of 559983 and 876?
219
What is the highest common factor of 20 and 2523545?
5
What is the highest common factor of 63858 and 174?
174
What is the highest common factor of 1424 and 2937?
89
Calculate the highest common divisor of 23592 and 12036.
12
What is the greatest common divisor of 10400 and 364?
52
What is the greatest common factor of 9159 and 440058?
213
What is the greatest common divisor of 7718 and 1700?
34
What is the highest common divisor of 82 and 1298?
2
Calculate the highest common factor of 383277 and 4581.
1527
What is the highest common factor of 1298 and 29618?
118
Calculate the greatest common factor of 195831 and 27.
27
Calculate the greatest common divisor of 392 and 120904.
56
What is the greatest common divisor of 6057829 and 1823?
1823
What is the greatest common divisor of 1210 and 3890?
10
Calculate the greatest common factor of 84 and 924532.
28
What is the highest common factor of 1005 and 72795?
15
Calculate the greatest common factor of 47386 and 725.
29
What is the greatest common factor of 90 and 1045890?
90
What is the greatest common factor of 336 and 109788?
84
What is the greatest common divisor of 425411 and 91?
7
Calculate the highest common factor of 640633 and 1988.
497
What is the greatest common factor of 68930 and 339?
113
Calculate the greatest common factor of 154 and 820666.
154
What is the highest common divisor of 29853 and 11997?
279
What is the greatest common divisor of 1376 and 55728?
688
What is the greatest common factor of 2176884 and 612?
612
What is the greatest common divisor of 191988 and 36?
36
What is the greatest common factor of 3080 and 93275?
35
Calculate the greatest common divisor of 232 and 383612.
116
Calculate the highest common divisor of 5127022 and 23.
23
Calculate the greatest common divisor of 51 and 17.
17
What is the greatest common divisor of 7686 and 10431?
549
What is the greatest common divisor of 141322 and 152?
38
What is the highest common divisor of 305 and 41236?
61
Calculate the highest common divisor of 952 and 280.
56
What is the greatest common factor of 1645 and 385?
35
Calculate the highest common divisor of 224 and 81550.
14
What is the highest common divisor of 2900 and 334660?
580
Calculate the greatest common divisor of 72403 and 17.
17
What is the highest common factor of 107 and 742259?
107
What is the highest common divisor of 16 and 1087472?
16
What is the highest common divisor of 570 and 171912?
114
What is the highest common factor of 3600 and 13320?
360
What is the highest common divisor of 17557 and 8051?
97
What is the highest common factor of 720 and 517440?
240
Calculate the highest common factor of 2050799 and 7955.
1591
What is the greatest common factor of 24 and 212142?
6
Calculate the highest common factor of 5088 and 38304.
96
What is the highest common divisor of 620 and 157852?
124
Calculate the greatest common divisor of 217 and 2575201.
31
Calculate the greatest common factor of 1850 and 617530.
370
What is the highest common divisor of 21399 and 2667?
21
Calculate the highest common divisor of 387 and 6246.
9
What is the greatest common factor of 2401 and 2891?
49
Calculate the highest common divisor of 1530 and 551106.
306
Calculate the greatest common factor of 57 and 1147011.
57
What is the greatest common divisor of 704 and 2222?
22
Calculate the greatest common factor of 513 and 5058.
9
Calculate the greatest common divisor of 23690415 and 615.
615
Calculate the greatest common divisor of 1008 and 79856.
112
What is the highest common divisor of 60018 and 8043?
21
Calculate the highest common factor of 10 and 407390.
10
Calculate the highest common factor of 14100 and 22932.
12
Calculate the greatest common factor of 2080 and 35680.
160
Calculate the greatest common divisor of 7 and 75271.
7
What is the greatest common factor of 246537 and 81?
27
What is the greatest common factor of 333 and 502349?
37
Calculate the highest common divisor of 4626 and 322792.
514
Calculate the greatest common divisor of 4255 and 3680.
115
Calculate the highest common factor of 29328 and 10608.
624
What is the greatest common factor of 479694 and 124?
62
What is the highest common factor of 3197628 and 36?
36
Calculate the highest common factor of 12 and 11073372.
12
Calculate the greatest common divisor of 67500 and 96.
12
What is the greatest common divisor of 184 and 6739?
23
Calculate the greatest common factor of 5743781 and 454.
227
Calculate the highest common factor of 205 and 14432.
41
What is the greatest common divisor of 16984288 and 32?
32
Calculate the greatest common 